{"id":16,"date":"2013-03-11T16:00:15","date_gmt":"2013-03-11T16:00:15","guid":{"rendered":"http:\/\/portal.tiere-kommunikation.de\/?page_id=16"},"modified":"2019-07-19T16:35:55","modified_gmt":"2019-07-19T14:35:55","slug":"tier-kommunikation","status":"publish","type":"page","link":"https:\/\/www.tiere-kommunikation.de\/?page_id=16","title":{"rendered":"Systemische Aufstellung f\u00fcr Tiere"},"content":{"rendered":"<p><a href=\"http:\/\/www.tiere-kommunikation.de\/wp-content\/uploads\/2014\/07\/Medina2405141.png\"><img decoding=\"async\" loading=\"lazy\" class=\"alignright wp-image-370 size-medium\" src=\"http:\/\/www.tiere-kommunikation.de\/wp-content\/uploads\/2014\/07\/Medina2405141-230x300.png\" alt=\"Medina240514\" width=\"230\" height=\"300\" \/><\/a><\/p>\n<p>Die\u00a0Kommunikation f\u00fcr ein Tier\u00a0mittels <strong>systemischem\u00a0Coaching<\/strong>\u00a0oder auch s<strong>ystemsiche<\/strong>\u00a0<strong>Aufstellung<\/strong> genannt, erm\u00f6glicht Empfindungen und Befindlichkeiten zu ersp\u00fcren, zu veranschaulichen und zu kommunizieren. Diese Technik unterscheidet sich deutlich von herk\u00f6mmlich praktizierter Tierkommunikation.<\/p>\n<blockquote><p><em>Systemisches Coaching<\/em>\u00a0bezeichnet eine Praktik, in der Personen, Figuren oder Zettel stellvertretend die Rolle f\u00fcr Mitglieder, Teile oder Aspekte eines Systems \u00fcbernehmen und zueinander in Beziehung (auf-) gestellt werden. <em>(Quelle: Definition Wikipedia)<\/em><\/p><\/blockquote>\n<p>In einem\u00a0System ist alles miteinander verbunden. Tiere sind\u00a0mit K\u00f6rper, Geist und Seele ein eigenst\u00e4ndiges \u00a0<strong>System<\/strong>. In Gruppen, Herden, Rudel und\u00a0mit Menschen sind Tiere &#8222;Teil&#8220; eines\u00a0Systems. Ein\u00a0System kann durch bestimmte Einfl\u00fcsse, negative Erfahrungen oder Situationen aus dem Gleichgewicht geraten, was zu Ver\u00e4nderungen im\u00a0Verhalten oder Beeintr\u00e4chtigung\u00a0der Gesundheit des gesamten Systems oder einem Teil des Systems f\u00fchren kann.<\/p>\n<p><strong><span style=\"color: #000000;\">Klarheit schaffen und L\u00f6sungen finden!<\/span><\/strong><\/p>\n<p>&nbsp;<\/p>\n<p><span style=\"color: #000000;\"><strong>\u00a0<\/strong><\/span><\/p>\n<p><span style=\"color: #000000;\"><img decoding=\"async\" loading=\"lazy\" class=\"size-full wp-image-110 aligncenter\" src=\"http:\/\/www.tiere-kommunikation.de\/wp-content\/uploads\/2013\/03\/clyde-27fa90ad.jpg\" alt=\"clyde-27fa90ad\" width=\"230\" height=\"263\" \/><br \/>\n<\/span><\/p>\n<p>&nbsp;<\/p>\n","protected":false},"excerpt":{"rendered":"<p>Die\u00a0Kommunikation f\u00fcr ein Tier\u00a0mittels systemischem\u00a0Coaching\u00a0oder auch systemsiche\u00a0Aufstellung genannt, erm\u00f6glicht Empfindungen und Befindlichkeiten zu ersp\u00fcren, zu veranschaulichen und zu kommunizieren. Diese Technik unterscheidet sich deutlich von herk\u00f6mmlich praktizierter Tierkommunikation. Systemisches Coaching\u00a0bezeichnet eine Praktik, in der Personen, Figuren oder Zettel stellvertretend die Rolle f\u00fcr Mitglieder, Teile oder Aspekte eines Systems \u00fcbernehmen und zueinander in Beziehung (auf-) gestellt [&hellip;]<\/p>\n","protected":false},"author":1,"featured_media":0,"parent":0,"menu_order":0,"comment_status":"open","ping_status":"open","template":"template-fullwidth.php","meta":[],"_links":{"self":[{"href":"https:\/\/www.tiere-kommunikation.de\/index.php?rest_route=\/wp\/v2\/pages\/16"}],"collection":[{"href":"https:\/\/www.tiere-kommunikation.de\/index.php?rest_route=\/wp\/v2\/pages"}],"about":[{"href":"https:\/\/www.tiere-kommunikation.de\/index.php?rest_route=\/wp\/v2\/types\/page"}],"author":[{"embeddable":true,"href":"https:\/\/www.tiere-kommunikation.de\/index.php?rest_route=\/wp\/v2\/users\/1"}],"replies":[{"embeddable":true,"href":"https:\/\/www.tiere-kommunikation.de\/index.php?rest_route=%2Fwp%2Fv2%2Fcomments&post=16"}],"version-history":[{"count":107,"href":"https:\/\/www.tiere-kommunikation.de\/index.php?rest_route=\/wp\/v2\/pages\/16\/revisions"}],"predecessor-version":[{"id":1092,"href":"https:\/\/www.tiere-kommunikation.de\/index.php?rest_route=\/wp\/v2\/pages\/16\/revisions\/1092"}],"wp:attachment":[{"href":"https:\/\/www.tiere-kommunikation.de\/index.php?rest_route=%2Fwp%2Fv2%2Fmedia&parent=16"}],"curies":[{"name":"wp","href":"https:\/\/api.w.org\/{rel}","templated":true}]}}