{"id":59,"date":"2013-03-11T19:04:16","date_gmt":"2013-03-11T19:04:16","guid":{"rendered":"http:\/\/portal.tiere-kommunikation.de\/?page_id=59"},"modified":"2018-05-24T15:18:37","modified_gmt":"2018-05-24T13:18:37","slug":"impressum","status":"publish","type":"page","link":"https:\/\/www.tiere-kommunikation.de\/?page_id=59","title":{"rendered":"Impressum"},"content":{"rendered":"<p>Kommunikation f\u00fcr Tiere<\/p>\n<p>Doris Zeitler<br \/>\nAsbach Haus 2<br \/>\n91186 B\u00fcchenbach<\/p>\n<p>Telefon: 09171\/63305<br \/>\nE-Mail:\u00a0<a href=\"mailto:info@tiere-kommunikation.de\">info@tiere-kommunikation.de<\/a><\/p>\n<p><strong>V.i.S.d.P.\u00a0<strong>\u00a0gem\u00e4\u00df \u00a7 10 Absatz 3 MDStV:\u00a0<\/strong><br \/>\n<\/strong>Doris Zeitler<\/p>\n<p><b>USt-IdNr.\u00a0gem\u00e4\u00df \u00a7 27 a Umsatzsteuergesetz:<\/b><br \/>\nDE179187982<\/p>\n<p><strong>Vertretungsberechtigter:<\/strong><br \/>\nDoris Zeitler<\/p>\n<p>Haftungshinweis: Trotz sorgf\u00e4ltiger inhaltlicher Kontrolle \u00fcbernehmen wir keine Haftung f\u00fcr die Inhalte externer Links.<br \/>\nF\u00fcr den Inhalt der verlinkten Seiten sind ausschlie\u00dflich deren Betreiber verantwortlich.<\/p>\n","protected":false},"excerpt":{"rendered":"<p>Kommunikation f\u00fcr Tiere Doris Zeitler Asbach Haus 2 91186 B\u00fcchenbach Telefon: 09171\/63305 E-Mail:\u00a0info@tiere-kommunikation.de V.i.S.d.P.\u00a0\u00a0gem\u00e4\u00df \u00a7 10 Absatz 3 MDStV:\u00a0 Doris Zeitler USt-IdNr.\u00a0gem\u00e4\u00df \u00a7 27 a Umsatzsteuergesetz: DE179187982 Vertretungsberechtigter: Doris Zeitler Haftungshinweis: Trotz sorgf\u00e4ltiger inhaltlicher Kontrolle \u00fcbernehmen wir keine Haftung f\u00fcr die Inhalte externer Links. F\u00fcr den Inhalt der verlinkten Seiten sind ausschlie\u00dflich deren Betreiber verantwortlich.<\/p>\n","protected":false},"author":1,"featured_media":0,"parent":0,"menu_order":0,"comment_status":"closed","ping_status":"closed","template":"","meta":[],"_links":{"self":[{"href":"https:\/\/www.tiere-kommunikation.de\/index.php?rest_route=\/wp\/v2\/pages\/59"}],"collection":[{"href":"https:\/\/www.tiere-kommunikation.de\/index.php?rest_route=\/wp\/v2\/pages"}],"about":[{"href":"https:\/\/www.tiere-kommunikation.de\/index.php?rest_route=\/wp\/v2\/types\/page"}],"author":[{"embeddable":true,"href":"https:\/\/www.tiere-kommunikation.de\/index.php?rest_route=\/wp\/v2\/users\/1"}],"replies":[{"embeddable":true,"href":"https:\/\/www.tiere-kommunikation.de\/index.php?rest_route=%2Fwp%2Fv2%2Fcomments&post=59"}],"version-history":[{"count":11,"href":"https:\/\/www.tiere-kommunikation.de\/index.php?rest_route=\/wp\/v2\/pages\/59\/revisions"}],"predecessor-version":[{"id":909,"href":"https:\/\/www.tiere-kommunikation.de\/index.php?rest_route=\/wp\/v2\/pages\/59\/revisions\/909"}],"wp:attachment":[{"href":"https:\/\/www.tiere-kommunikation.de\/index.php?rest_route=%2Fwp%2Fv2%2Fmedia&parent=59"}],"curies":[{"name":"wp","href":"https:\/\/api.w.org\/{rel}","templated":true}]}}