{"id":6,"date":"2013-03-11T15:56:23","date_gmt":"2013-03-11T13:56:23","guid":{"rendered":"http:\/\/portal.tiere-kommunikation.de\/?page_id=6"},"modified":"2019-07-19T16:33:48","modified_gmt":"2019-07-19T14:33:48","slug":"profil","status":"publish","type":"page","link":"https:\/\/www.tiere-kommunikation.de\/?page_id=6","title":{"rendered":"\u00dcberblick"},"content":{"rendered":"<p><strong><span style=\"color: #000000;\"><img decoding=\"async\" loading=\"lazy\" class=\"alignright wp-image-236 size-medium\" src=\"http:\/\/www.tiere-kommunikation.de\/wp-content\/uploads\/2014\/07\/tierkommunikation-220x300.jpg\" alt=\"tierkommunikation\" width=\"220\" height=\"300\" srcset=\"https:\/\/www.tiere-kommunikation.de\/wp-content\/uploads\/2014\/07\/tierkommunikation-220x300.jpg 220w, https:\/\/www.tiere-kommunikation.de\/wp-content\/uploads\/2014\/07\/tierkommunikation.jpg 250w\" sizes=\"(max-width: 220px) 100vw, 220px\" \/><\/span><\/strong><\/p>\n<p><span style=\"color: #000000;\">Der erste Schritt ist zu erkennen, dass etwas nicht stimmt und Ihrem Tier daf\u00fcr Aufmerksamkeit zu schenken. Der zweite Schritt ist zu ergr\u00fcnden, wo oder womit etwas nicht stimmt und L\u00f6sungen zu finden. F\u00fcr ein harmonisches <span style=\"color: #000000;\">\u00a0<\/span>Miteinander von Mensch und Tier!<\/span><\/p>\n<p><span style=\"color: #000000;\">Ich biete Ihnen individuelle Beratungen die Aufschluss \u00fcber Befinden und Wahrnehmung Ihres Tieres geben k\u00f6nnen.\u00a0R\u00e4tselhaftes Verhalten,\u00a0\u00c4ngste, Probleme im Umgang oder unklare Krankheitssymptome\u00a0bei Ihrem Tier k\u00f6nnen so ergr\u00fcndet und gel\u00f6st werden. Bevorstehende Ver\u00e4nderungen k\u00f6nnen beleuchtet und optimal ausgerichtet werden.<\/span><\/p>\n<p><span style=\"color: #000000;\">Meist sind es Besitzer von Pferden die mit\u00a0dem Anliegen einer Tierkommunikation f\u00fcr ihr Pferd zu mir kommen. Auf Grund meiner jahrzehntelangen Erfahrung mit eigenen Pferden in Haltung, Aufzucht, F\u00fctterung etc. kann ich sehr gut \u00fcbersetzen, was mir die tierischen Klienten zeigen und eine L\u00f6sung erarbeiten.\u00a0 Grunds\u00e4tzlich sind mir alle Tiere; Hunde, Katzen und anderen tierischen Gesellen herzlich willkommen.<\/span><\/p>\n<p><span style=\"color: #000000;\">Sprechen Sie mich an, ich bin gerne f\u00fcr Sie da.<\/span><\/p>\n<section><\/section>\n<section><span style=\"color: #000000;\">Herzlichst<\/span><br \/>\n<span style=\"color: #000000;\"> Ihre Doris Zeitler<\/span><\/section>\n<section><\/section>\n<section><\/section>\n<section><\/section>\n<blockquote>\n<section><span style=\"color: #000000;\"><em><strong>Hinweis:<\/strong><\/em><\/span><br \/>\n<span style=\"line-height: 1.5em; color: #000000;\"> Der beste Erfolg besteht darin, auf der <em>physischen und psychischen Ebene<\/em> gleicherma\u00dfen nach Heilung zu streben. Durch meine begleitenden Ma\u00dfnahmen leiste ich einen positiven Beitrag, ich stelle jedoch keine Diagnose und ersetze nicht den Tierarzt. Die Nutzung meiner Dienstleistungen obliegt der Eigenverantwortung.<\/span><\/section>\n<\/blockquote>\n","protected":false},"excerpt":{"rendered":"<p>Der erste Schritt ist zu erkennen, dass etwas nicht stimmt und Ihrem Tier daf\u00fcr Aufmerksamkeit zu schenken. Der zweite Schritt ist zu ergr\u00fcnden, wo oder womit etwas nicht stimmt und L\u00f6sungen zu finden. F\u00fcr ein harmonisches \u00a0Miteinander von Mensch und Tier! Ich biete Ihnen individuelle Beratungen die Aufschluss \u00fcber Befinden und Wahrnehmung Ihres Tieres geben [&hellip;]<\/p>\n","protected":false},"author":1,"featured_media":0,"parent":0,"menu_order":0,"comment_status":"open","ping_status":"closed","template":"template-fullwidth.php","meta":[],"_links":{"self":[{"href":"https:\/\/www.tiere-kommunikation.de\/index.php?rest_route=\/wp\/v2\/pages\/6"}],"collection":[{"href":"https:\/\/www.tiere-kommunikation.de\/index.php?rest_route=\/wp\/v2\/pages"}],"about":[{"href":"https:\/\/www.tiere-kommunikation.de\/index.php?rest_route=\/wp\/v2\/types\/page"}],"author":[{"embeddable":true,"href":"https:\/\/www.tiere-kommunikation.de\/index.php?rest_route=\/wp\/v2\/users\/1"}],"replies":[{"embeddable":true,"href":"https:\/\/www.tiere-kommunikation.de\/index.php?rest_route=%2Fwp%2Fv2%2Fcomments&post=6"}],"version-history":[{"count":219,"href":"https:\/\/www.tiere-kommunikation.de\/index.php?rest_route=\/wp\/v2\/pages\/6\/revisions"}],"predecessor-version":[{"id":1091,"href":"https:\/\/www.tiere-kommunikation.de\/index.php?rest_route=\/wp\/v2\/pages\/6\/revisions\/1091"}],"wp:attachment":[{"href":"https:\/\/www.tiere-kommunikation.de\/index.php?rest_route=%2Fwp%2Fv2%2Fmedia&parent=6"}],"curies":[{"name":"wp","href":"https:\/\/api.w.org\/{rel}","templated":true}]}}